{"id":94,"date":"2021-07-18T08:40:27","date_gmt":"2021-07-18T08:40:27","guid":{"rendered":"https:\/\/demo.athemes.com\/botiga\/?post_type=product&#038;p=94"},"modified":"2024-05-24T18:01:08","modified_gmt":"2024-05-24T23:31:08","slug":"montanas-modelo2","status":"publish","type":"product","link":"https:\/\/estudiocrea.art\/index.php\/producto\/montanas-modelo2\/","title":{"rendered":"Monta\u00f1as | modelo 2"},"content":{"rendered":"<p>Pintura monocrom\u00e1tica de monta\u00f1a con textura.<\/p>\n<p>Tama\u00f1o = 60 x 80cm<br \/>\nMarco a elegir = Blanco | Negro | Acabado natural (Madera)<\/p>\n","protected":false},"excerpt":{"rendered":"<p>Pintura monocrom\u00e1tica de monta\u00f1a con textura.<\/p>\n","protected":false},"featured_media":633,"comment_status":"open","ping_status":"closed","template":"","meta":[],"product_brand":[],"product_cat":[22],"product_tag":[],"class_list":{"0":"post-94","1":"product","2":"type-product","3":"status-publish","4":"has-post-thumbnail","6":"product_cat-monocromaticos","8":"first","9":"instock","10":"taxable","11":"shipping-taxable","12":"purchasable","13":"product-type-simple"},"jetpack_sharing_enabled":true,"_links":{"self":[{"href":"https:\/\/estudiocrea.art\/index.php\/wp-json\/wp\/v2\/product\/94","targetHints":{"allow":["GET"]}}],"collection":[{"href":"https:\/\/estudiocrea.art\/index.php\/wp-json\/wp\/v2\/product"}],"about":[{"href":"https:\/\/estudiocrea.art\/index.php\/wp-json\/wp\/v2\/types\/product"}],"replies":[{"embeddable":true,"href":"https:\/\/estudiocrea.art\/index.php\/wp-json\/wp\/v2\/comments?post=94"}],"wp:featuredmedia":[{"embeddable":true,"href":"https:\/\/estudiocrea.art\/index.php\/wp-json\/wp\/v2\/media\/633"}],"wp:attachment":[{"href":"https:\/\/estudiocrea.art\/index.php\/wp-json\/wp\/v2\/media?parent=94"}],"wp:term":[{"taxonomy":"product_brand","embeddable":true,"href":"https:\/\/estudiocrea.art\/index.php\/wp-json\/wp\/v2\/product_brand?post=94"},{"taxonomy":"product_cat","embeddable":true,"href":"https:\/\/estudiocrea.art\/index.php\/wp-json\/wp\/v2\/product_cat?post=94"},{"taxonomy":"product_tag","embeddable":true,"href":"https:\/\/estudiocrea.art\/index.php\/wp-json\/wp\/v2\/product_tag?post=94"}],"curies":[{"name":"wp","href":"https:\/\/api.w.org\/{rel}","templated":true}]}}